-2). Let m = s + 9. Let q = m + 6. What is the units digit of q?
5
Let h(y) = -y**3 + 6*y**2 - 4*y + 3. Let v be h(2). Let f be v/(4/(-20) - 0). What is the units digit of (16/(-20))/(2/f)?
2
Suppose -31*r + 16*r = -24525. What is the units digit of r?
5
Let k = -309 + 236. Let v = 10 + -16. What is the tens digit of k/v + (-16)/96?
1
What is the tens digit of 4510/(-40)*(-9 - -1)?
0
Suppose -353 = -22*a + 21*a. Suppose 0 = -2*h + 3*i + 304, -105 - a = -3*h + 4*i. What is the units digit of h?
8
Suppose 0 = 2*x + y - 164, -x + 251 = 2*x - y. Let j = x - 52. What is the units digit of j?
1
Let p be 5/(-5) + -1 + 5. Suppose 882 = p*i + 3*i. Suppose -4*y - i = -3*m - 4, 4*m = -5*y + 232. What is the tens digit of m?
5
What is the units digit of 1966/6 + (-104)/(-312)?
8
Let p(u) = -u**3 + 3*u**2 + 2*u - 5. Let f be p(2). Suppose 3*q + 3*v - 14 = 37, -53 = -f*q - v. What is the tens digit of q?
1
Let h be 0 + -2 - (-6)/3. Suppose h = -7*a + 6*a + 15. What is the tens digit of a?
1
Let y(n) = 41*n**2 + 1. Let c be y(1). Let l(x) = -6*x**2 - 7*x + 7. Let d be l(1). What is the units digit of (c/18)/((-2)/d)?
7
Let p = -13 - -15. Let i(t) = 2*t**p + 3*t**2 - 14*t - 4*t**2 + 10 - 2*t**2. What is the tens digit of i(-12)?
3
Suppose -3 = 111*u - 112*u. Suppose -3*b = u*b - 1266. What is the tens digit of b?
1
Let f(j) = 3*j**2 + 80*j + 77. What is the thousands digit of f(33)?
5
Let g(h) = -15*h + 95. Let i be g(6). Let w be (-1 - 2)/(6/(-8)). Suppose -31 = -w*q - 3*t + 9, 5*t + 85 = i*q. What is the tens digit of q?
1
Let p = -5 + 4. Let h(t) = -t**3 - t**2. Let d be h(p). Suppose 0 = -2*r + 3*l - d + 17, 4*l = -20. What is the units digit of r?
1
Suppose 0 = -2*w - w + 108. Let v = w + 22. Suppose -4*p - v = -6*p. What is the tens digit of p?
2
Let x(l) = l**3 + 5*l**2 - 5*l + 6. Let f be x(-6). Suppose -8*p - 30 - 18 = f. What is the units digit of p/(-33) + (-1206)/(-22)?
5
Suppose -26*u = -21*u - 15. Suppose 2*y = -3*j + 474, u*y + 2*j - 696 = 5*j. What is the hundreds digit of y?
2
Let p = 1971 - 1323. Suppose 27*k = 31*k - p. What is the units digit of k?
2
Suppose 0 = 12*l - 11*l - 3. What is the units digit of 211/l + (-19)/57?
0
Let o = 1 - -15. Suppose 0 = 2*v - o + 106. Let a = v - -78. What is the units digit of a?
3
Suppose 9*t - 4 + 40 = 0. What is the units digit of (5 + t)*(83 + 2)?
5
Suppose 3*t - 25 - 19 = 4*o, 3*t + 4*o - 4 = 0. What is the units digit of (-1)/t - (-3723)/24?
5
Suppose -l = -3*l - d + 26, 4*d = -3*l + 49. Let a = l - 8. Suppose -87 = -a*o + 12. What is the tens digit of o?
3
Let s be (2 + -2)/((-6)/6). Suppose s*o - 2*o - 54 = 0. Let t = o + 30. What is the units digit of t?
3
Let l(o) = o**2 - 23*o + 4. Let r be l(20). Let y = 80 + r. Suppose 0 = -5*g + 159 - y. What is the tens digit of g?
2
Let o = -158 - -204. What is the units digit of o?
6
Let v = 493 - 505. Let a(n) = -3*n + 11. Let r(g) = 7*g - 21. Let z(j) = 5*a(j) + 2*r(j). What is the units digit of z(v)?
5
Let s = -73 + 327. What is the units digit of s?
4
Let r = -966 + 7467. What is the hundreds digit of r?
5
Let u(l) = -l**2 - 62*l - 463. What is the hundreds digit of u(-23)?
4
Suppose 7*z + 75 = -2. Let w = 37 - z. What is the units digit of w?
8
Suppose 0 = 137*i - 143*i + 27144. What is the hundreds digit of i?
5
Suppose -10*t + 3342 + 12848 = 0. What is the hundreds digit of t?
6
Let v = -307 + 467. Let f = v - 83. What is the units digit of f?
7
Let j = -6 + 10. Let b = 26 - 9. Suppose b = q + j. What is the tens digit of q?
1
Let d = -111 + 464. What is the units digit of d?
3
Suppose -3 = -g - 2*g, 5*f - 32 = -2*g. Suppose -20 = 4*l, 4*l - 74 - f = 4*o. Let y = o - -50. What is the tens digit of y?
2
Let v = 24 + -12. Let j be 3*1*(-296)/v. Let u = j + 103. What is the units digit of u?
9
Let g be (-4 - (-4)/(-2))*(-4)/6. Suppose h + 361 = 3*f, 0 = -f - 0*f - g*h + 142. What is the units digit of f?
2
Let q = 159 + -91. Let r = 121 - q. What is the units digit of r?
3
Let a = -868 - -1362. What is the units digit of a?
4
Let m(y) be the second derivative of y**4/12 + 2*y**3 - 2*y**2 + 3*y. Let j be m(-4). What is the units digit of j/8*34/(-3)?
1
Suppose 2*m - m - 5 = 0. Let l be 4/(-6) + (-3 - (-5)/3). Let n = m - l. What is the units digit of n?
7
Let h(a) = 323*a**2 - a + 3. What is the tens digit of h(1)?
2
Let v(l) = l**3 + 4*l**2 + 5*l + 3. Let z be v(-3). Let j be 27/12 - (1 + 28/(-16)). What is the units digit of j/(z/36*-4)?
9
Suppose 112 = 16*p - 32. What is the units digit of p?
9
Let q(p) = -23 - 3 + 8 - 20 + 12*p. What is the units digit of q(8)?
8
Let r(a) = 42*a**2 - 4*a + 4. Let n be r(2). Let s = -73 + n. What is the tens digit of s?
9
What is the hundreds digit of 212/(((-1)/(-4))/(45/60))?
6
What is the units digit of (1/(-1))/((-7)/469)?
7
Let g(k) be the third derivative of -k**2 + 0*k - 1/24*k**4 + 1/2*k**3 + 0. What is the tens digit of g(-13)?
1
Let j be (5 + -7)*72/(-3). Suppose 3*l = -l + j. What is the units digit of l?
2
Let p = 378 + -135. Let j = -141 + p. What is the units digit of j?
2
Let n(w) = -w - 1. Let d be n(-1). Suppose d = 3*a + 3*p - 0 - 3, -4*a + 5*p + 4 = 0. What is the tens digit of (-13)/3*a*-6?
2
Let c(i) = -i - 5. Let r be (-50)/(-20)*(-8)/(-5). Let u be c(r). Let s = u - -29. What is the tens digit of s?
2
Let f(n) = 70*n + 20. Let v be (-8 - (-20 + 8))/(-1 - -2). What is the tens digit of f(v)?
0
Let z be -4 + 1 + 6 - -22. Let i = z - 13. What is the units digit of i?
2
Let d = 22 + -18. Let w be d/(-16) - 18/(-8). Suppose -n + 4*o - 27 = -63, 2*n = -w*o + 32. What is the units digit of n?
0
Let a = 2691 - -1079. What is the units digit of 1/(35/a) - 2/(-7)?
8
Let x(w) = -w**2 + 3*w. Let n be x(3). Let g be 0/(0 + -3) - n. Suppose g = 5*c - 20, -4*c = 2*s + s - 40. What is the units digit of s?
8
Suppose 0 = -5*s - 3*z + 386, 115 = 5*s - z - 263. Suppose -s = 27*j - 28*j. What is the units digit of j?
6
What is the units digit of 8 + (7 + 1496/(-16))*-68?
0
Let c = 1661 + -656. What is the thousands digit of c?
1
Let w = 2421 - 1376. What is the hundreds digit of w?
0
Let b be ((-6)/9)/(9/(-54)). Suppose -c + 5*c = -2*a - 6, b*a = c + 24. What is the units digit of a?
5
Let r be (18/54)/((-2)/66). Let s = 39 + r. What is the tens digit of s?
2
Let l = 17 - 14. Let i be (-124)/(-5) - l/(-15). Suppose c = 9 + i. What is the tens digit of c?
3
Suppose 277*i - 284*i + 5460 = 0. What is the hundreds digit of i?
7
Let f = 468 - -291. What is the units digit of f?
9
Suppose 28*o - 64207 = -16383. What is the thousands digit of o?
1
Let q be 3*(-7 + 8)/((-2)/60). Let k = q - -106. What is the tens digit of k?
1
Suppose -5*k + 5 + 5 = 0. Suppose -4*z = n - 15, 3*n + 5*z - 22 = k. Suppose -49 = -o - n. What is the tens digit of o?
4
Suppose -4*c + 2*a = -312, 2*c - 110 = 2*a + 50. What is the units digit of c?
6
Suppose h + 2*l = 779, 7*l - 9*l = -3*h + 2337. What is the units digit of h?
9
What is the tens digit of 1821 + (10 + -8 - 9)?
1
Let z be 7 - 2 - (6 + -3). Suppose -5*u + 0*w - 507 = -w, 3*u - z*w = -307. Let f = -55 - u. What is the units digit of f?
6
Let h(f) = f**2 - f - 3. Let d be h(-2). Suppose -177 = -d*z - 21. What is the units digit of z?
2
Let v(z) = z - 1. Let u be -4*((-33)/(-12) - 3). Let o be v(u). What is the units digit of -46*((-1)/2 - o)?
3
Let u be 395/35 + -8 + 4/(-14). Suppose -50 = -4*y + 3*d + 13, 2*d - 60 = -u*y. What is the units digit of y?
8
Suppose -a = 5*j + 10 - 38, 4*a = -2*j + 4. Suppose -2*t = n - 54, 2*t = j*t - 4. What is the tens digit of n?
5
Suppose -5*q - 561 - 240 = j, q + 3*j + 149 = 0. Let d = q - -345. What is the units digit of d?
4
Suppose -20 = -3*r - 5*w, -5*r + w - 5 = -1. Suppose -5*d - 29 + 94 = r. Suppose -d - 7 = -b. What is the units digit of b?
0
Let k(b) be the third derivative of -b**6/40 - b**5/30 + b**4/24 + 2*b**3/3 + 4*b**2. Let q be k(-3). Suppose 0 = -3*p + q - 1. What is the units digit of p?
1
Let n be ((-26)/(-6) - 3)*3. Suppose -n*h - 2 = -2*h, 4*o - 4*h + 48 = 0. What is the tens digit of o*(0 + (-4)/4)?
1
Let b = 4 - 14. Let z = b - -4. What is the units digit of z/(-21) + 138/7?
0
Let o(k) = 3*k**2 - 81*k - 173. What is the hundreds digit of o(39)?
2
Let q(u) = -9*u + 62. Suppose -2*j - 2 + 8 = 0, 3*v + 21 = -5*j. What is t